{"id":2060,"date":"2014-01-02T16:51:44","date_gmt":"2014-01-02T14:51:44","guid":{"rendered":"http:\/\/2013.nordgau.at\/?page_id=2060"},"modified":"2014-10-14T11:17:00","modified_gmt":"2014-10-14T09:17:00","slug":"1933-1938-der-staendestaat","status":"publish","type":"page","link":"https:\/\/www.nordgau.at\/?page_id=2060","title":{"rendered":"1933 &#8211; 1938"},"content":{"rendered":"<p><strong>Der St\u00e4ndestaat<\/strong><\/p>\n<p><strong>Die Abschaltung vom CV und die Gr\u00fcndung des dritten \u00d6CV<br \/>\n<\/strong>Mit der Machtergreifung der Nationalsozialisten begann auch die schrittweise Gleichschaltung des CVs im Deutschen Reich. Noch im Februar 1932 hatte der CV die Mitgliedschaft in der NSDAP mit jener im CV unvereinbar erkl\u00e4rt. Dieser Beschlu\u00df wurde am 3. April 1933 aufgehoben. Manche hatten es sehr eilig, den neuen Herren ihre Ergebenheit zu versichern; so brachte die Rheno &#8211; Palatia Breslau am 8. Mai 1933 den Antrag auf Ausschluss des \u00f6sterreichischen Bundeskanzlers Dr. Engelbert Dollfu\u00df (F-B) und des Bundesministers Carl Vaugoin (Rd EM) aus dem CV. Die \u00f6sterreichischen Verbindungen lehnten diesen Antrag nat\u00fcrlich ab, der Weg zur Abspaltung war vorgezeichnet. Am 27. Mai kam es zu Ausschreitungen nationalsozialistischer Studenten aus den Reihen der Schlagenden in der Aula der Universit\u00e4t Wien gegen die CVer beim 50. Stiftungsfest der Norica. Die Polizei stellte die Ordnung wieder her. Am 29. Juni w\u00e4hlten die CV &#8211; Verbindung des Kreises V (\u00d6sterreich) die KaV Norica zur vorsitzenden Verbindung. Am 5. Juli 1933 f\u00fchrte der CV in Deutschland das &#8222;F\u00fchrerprinzip&#8220; auf allen Ebenen des Verbandes ein. Die erste Amtshandlung des neuen CV &#8211; F\u00fchrers Konrad Welte (Aenania M\u00fcnchen) war der Ausschluss aller Mitglieder der \u00f6sterreichischen Bundesregierung aus dem CV. Die KaV Norica als vorsitzende Verbindung des Kreises V reagierte darauf am 10. Juli 1933 mit einem Brief an den Vorort Aenania M\u00fcnchen, in der die Abschaltung der \u00f6sterreichischen Verbindungen vom CV verk\u00fcndet wurde. Der Dritte \u00d6CV konstituierte sich auf der 1. \u00d6CV &#8211; Versammlung am 8. bis 9. Dezember 1933 in Wien. Er umfasste 1933 26 Verbindungen mit 1561 Aktiven und 3165 AHAH. Nordgau verlangte ihn der Folge auf einem ao. CC im Herbst 1933 von jedem seiner Bbr.Bbr. die ausdr\u00fcckliche Erkl\u00e4rung, nationalsozialistisches Gedankengut abzulehnen und nicht der NDSAP anzugeh\u00f6ren. Einige Bbr.Bbr. erkl\u00e4rten daraufhin ihren Austritt; in ihrer Gesamtheit mussten die im Deutschen Reich beheimateten Bbr.Bbr. ihren Austritt erkl\u00e4ren. Wie auch die meisten anderen \u00d6CV &#8211; Verbindungen verlieh Nordgau dem Bundeskanzler Dr. Engelbert Dollfu\u00df sein Ehrenband. Der CV im Deutschen Reich ging den Weg der allm\u00e4hlichen Selbstaufgabe. Am 8. Oktober beschloss man das Bekenntnis zur nationalsozialistischen Weltanschauung. Am 31. J\u00e4nner 1934 wurde das Katholizit\u00e4tsprinzip aufgehoben und am 27. Oktober 1935 folgte schlie\u00dflich die Selbstaufl\u00f6sung.<\/p>\n<p><strong>\u00d6CV und Nordgau im St\u00e4ndestaat<br \/>\n<\/strong>Mit der Abschaltung vom CV war auch das klare Bekenntnis zur neuen Regierung unter Bundeskanzler Dollfu\u00df und ihrem &#8222;sozialen, christlichen deutschen Staat \u00d6sterreich auf st\u00e4ndischer Grundlage unter starker, autorit\u00e4rer F\u00fchrung&#8220; (Rede Dollfu\u00df\u00b4 auf dem Trabrennplatz am 11. September 1933) verbunden. \u00d6CVer bildeten auch die St\u00fctze der am 20. Mai gegr\u00fcndeten Vaterl\u00e4ndischen Front und waren in den neuen Gremien des St\u00e4ndestaats stark vertreten. Nat\u00fcrlich gab es aber auch Widerstand aus den Kreisen der Christlichsozialen Partei; unter jenen, die im neuen Regime kaltgestellt wurden, war der letzte Obmann der Partei, Emmerich Czermak. Auf der Ebene der Hochschulen wurde die vom NSDStB unterwanderte DSt aufgel\u00f6st und durch eine System von &#8222;Sachwaltern&#8220; auf Universit\u00e4ts &#8211; und Bundesebene ersetzt. Die Sachwalterschaft der Hochsch\u00fclerschaft \u00d6sterreichs hatte ab 1935 der Nordgauer Heinrich Drimmel inne. In den Wehrverb\u00e4nden waren weiterhin zahlreiche \u00d6CVer zu finden. An den K\u00e4mpfen im Februar 1934 gegen den Aufstand von Teilen des Schutzbundes nahmen 37 % der Aktivitas des \u00d6CV teil (513 von 1372 Aktiven). Auch im Kampf gegen die illegalen Nationalsozialisten bei ihrem Putschversuch nach der Ermordung des Bundeskanzlers Dr. Engelbert Dollfu\u00df am 25. Juli 1934 standen die jungen Cartellbr\u00fcder ihren Mann. Ein MKVer, Herbert Frischmuth (Tuistionia M\u00f6dling), starb bei den K\u00e4mpfen am Pyhrnpa\u00df. Die Totenwache an der Bahre des ermordeten Bundeskanzlers hielten abwechselnd 2 Chargierte des WCV rund um die Uhr, an 27. Juli versammelten sich s\u00e4mtliche Cartellbr\u00fcder in Wien vor ihrem f\u00fcr \u00d6sterreich gefallenen Bundesbruder. Der Trauerkommers fand am 7. November 1934, dem Tag des Heiligen Engelbert, statt.<\/p>\n<p><strong>Nordgau in den Jahren 1934 &#8211; 1938<br \/>\n<\/strong>Nordgau intensivierte die Kontakte zu seiner Tocherverbindung in Prag (die Verbindungen in der Tschechoslowakei hatten sich ebenfalls vom CV getrennt) durch die Bestellung eines Nordgau Prag &#8211; Referenten. Die Freundschaftsb\u00e4nder tauchte man 1935 bei einem Ferialfest in Freiwaldau. F\u00fcr Nordgau bedeutsam waren die 1936 bis 1937, als die Verbindung den Vorort des \u00d6CV stellte. Das Amt des Vorortspr\u00e4sidenten (VOP) \u00fcbernahm med. Bruno Simlinger. Am 6. 12. 1936 feierte man in der Hofburg einen Kommers anl\u00e4sslich der 80. Wiederkehr der Gr\u00fcndung des CV. In seiner Rede kritisierte der VOP die Bestrebungen der VF, sich den \u00d6CV im Rahmen einer &#8222;Vaterl\u00e4ndischen Hochsch\u00fclerschaft&#8220; einzugliedern, und verteidigte die Unabh\u00e4ngigkeit des Verbandes. Bundeskanzler Schuschnigg \u00fcbte daraufhin Kritik an Simlinger; dieser stellte sein Amt zur Verf\u00fcgung, neuer VOP wurde Heinrich Drimmel. Als glanzvolles Ereignis blieb allen Teilnehmen der Nordgauball im Hotel Metropol am 15. J\u00e4nner 1938 in Erinnerung. Keiner der anwesenden Bbr.Bbr. ahnte, dass das Metropol wenige Monate sp\u00e4ter Sitz der Gestapo werden sollte.<\/p>\n<p><a href=\"\/?page_id=2062\">weiter mit 1938 bis 1945 Der St\u00e4ndestaat<\/a><\/p>\n","protected":false},"excerpt":{"rendered":"<p>Der St\u00e4ndestaat Die Abschaltung vom CV und die Gr\u00fcndung des dritten \u00d6CV Mit der Machtergreifung der Nationalsozialisten begann auch die schrittweise Gleichschaltung des CVs im Deutschen Reich. Noch im Februar 1932 hatte der CV die Mitgliedschaft in der NSDAP mit jener im CV unvereinbar erkl\u00e4rt. Dieser Beschlu\u00df wurde am 3. April 1933 aufgehoben. Manche hatten [&hellip;]<\/p>\n","protected":false},"author":1,"featured_media":0,"parent":2053,"menu_order":1933,"comment_status":"closed","ping_status":"open","template":"","meta":{"footnotes":""},"class_list":["post-2060","page","type-page","status-publish","hentry"],"_links":{"self":[{"href":"https:\/\/www.nordgau.at\/index.php?rest_route=\/wp\/v2\/pages\/2060"}],"collection":[{"href":"https:\/\/www.nordgau.at\/index.php?rest_route=\/wp\/v2\/pages"}],"about":[{"href":"https:\/\/www.nordgau.at\/index.php?rest_route=\/wp\/v2\/types\/page"}],"author":[{"embeddable":true,"href":"https:\/\/www.nordgau.at\/index.php?rest_route=\/wp\/v2\/users\/1"}],"replies":[{"embeddable":true,"href":"https:\/\/www.nordgau.at\/index.php?rest_route=%2Fwp%2Fv2%2Fcomments&post=2060"}],"version-history":[{"count":4,"href":"https:\/\/www.nordgau.at\/index.php?rest_route=\/wp\/v2\/pages\/2060\/revisions"}],"predecessor-version":[{"id":2126,"href":"https:\/\/www.nordgau.at\/index.php?rest_route=\/wp\/v2\/pages\/2060\/revisions\/2126"}],"up":[{"embeddable":true,"href":"https:\/\/www.nordgau.at\/index.php?rest_route=\/wp\/v2\/pages\/2053"}],"wp:attachment":[{"href":"https:\/\/www.nordgau.at\/index.php?rest_route=%2Fwp%2Fv2%2Fmedia&parent=2060"}],"curies":[{"name":"wp","href":"https:\/\/api.w.org\/{rel}","templated":true}]}}